t is -647 - -2a4?
-383
In base 10, what is -97 - -791?
694
In base 8, what is -410 - 674?
-1304
In base 9, what is -15360531 + -5?
-15360536
In base 10, what is -8 + 133509?
133501
In base 12, what is 34 + -414?
-3a0
In base 11, what is 4 + -3265?
-3261
In base 16, what is -2cf42 - 2?
-2cf44
In base 8, what is -7751 + -353?
-10324
In base 2, what is -10001011111 + -1110?
-10001101101
In base 14, what is c5b - -1a?
c77
In base 16, what is 63 - 157?
-f4
In base 13, what is 60 - 70ac?
-704c
In base 4, what is 133212 + 1013?
200231
In base 3, what is 100100210 + 2111?
100110021
In base 8, what is 21 - -4570?
4611
In base 3, what is 2010002200 + -110?
2010002020
In base 9, what is -14883 + 2?
-14881
In base 2, what is -101 + -11100100110111?
-11100100111100
In base 13, what is 0 - 4c774?
-4c774
In base 2, what is 10100000100110010 - 101?
10100000100101101
In base 8, what is -3 - 341262?
-341265
In base 5, what is 3143 + 144?
3342
In base 5, what is 1114102 - 12?
1114040
In base 9, what is 4505 + 6?
4512
In base 8, what is 1 + 474042?
474043
In base 12, what is 52 + -1a7?
-155
In base 8, what is 14 - -2627?
2643
In base 13, what is -13 + 190a?
18c7
In base 6, what is -50142 + 232?
-45510
In base 14, what is 104 + -16?
cc
In base 10, what is 660 - 3?
657
In base 6, what is -305252 + -12?
-305304
In base 7, what is -152 + -311?
-463
In base 3, what is -200 - 20111021210?
-20111022110
In base 8, what is 10 + -5167?
-5157
In base 7, what is 152053 + 11?
152064
In base 14, what is 154 - 2d83?
-2c2d
In base 6, what is -2252333 - 4?
-2252341
In base 15, what is 5 - -26bd3?
26bd8
In base 16, what is -3 - 2f8d?
-2f90
In base 15, what is -3d81 + 4?
-3d7c
In base 16, what is 3f0 + -28a?
166
In base 13, what is b1b + 19?
b37
In base 6, what is 3113324 + 30?
3113354
In base 3, what is -200 - -2022100?
2021200
In base 2, what is 100111 + 1110101110011?
1110110011010
In base 11, what is 447 - -264?
700
In base 13, what is -5 + -b416?
-b41b
In base 8, what is -151755 + -5?
-151762
In base 15, what is -7 - -79ae?
79a7
In base 12, what is 2 + 466b0?
466b2
In base 8, what is 4 + 27554?
27560
In base 9, what is -3566 - -874?
-2582
In base 12, what is 3 - ba5b?
-ba58
In base 8, what is -30761 - 11?
-30772
In base 8, what is -4 - 306260?
-306264
In base 3, what is -22200102 + 2021?
-22121011
In base 2, what is -1100010010100010 - -10?
-1100010010100000
In base 13, what is 2a12 + -32?
29b0
In base 10, what is 68318 - -5?
68323
In base 2, what is -10011111011 + -11011001110?
-101111001001
In base 11, what is -5974 - 319?
-6192
In base 9, what is -12231 - -4?
-12226
In base 5, what is -102113 - 21?
-102134
In base 12, what is 76a + -35?
735
In base 4, what is -30 - -110032?
110002
In base 8, what is 0 - -3014?
3014
In base 12, what is 4 - -40b36?
40b3a
In base 3, what is -102121222 - -20?
-102121202
In base 10, what is -309084 - 3?
-309087
In base 5, what is 23 + 2403212?
2403240
In base 11, what is 1a5a - 97?
1973
In base 16, what is -10ce - 1e0?
-12ae
In base 6, what is 2450 + -554?
1452
In base 3, what is 120 + 1110120?
1111010
In base 9, what is 1 + -7522?
-7521
In base 12, what is -220 - 64a?
-86a
In base 5, what is 12140401 + -10?
12140341
In base 16, what is 1 + -4973f?
-4973e
In base 15, what is 2968cc - 2?
2968ca
In base 13, what is 84a19 + 3?
84a1c
In base 14, what is 2 + -20855?
-20853
In base 9, what is -27665 + -2?
-27667
In base 2, what is 1101110101000110100 - -101?
1101110101000111001
In base 14, what is -18 + -685?
-69d
In base 14, what is 107c5 - -2?
107c7
In base 10, what is 6 - 6651?
-6645
In base 16, what is 1e + -840?
-822
In base 4, what is 112211 + 131?
113002
In base 10, what is -357173 + 1?
-357172
In base 10, what is 110 - 3555?
-3445
In base 15, what is -16 + -41a?
-431
In base 4, what is 0 - 3111020?
-3111020
In base 5, what is 11141012 + -1?
11141011
In base 8, what is -3 - -1333641?
1333636
In base 13, what is 348 + 44?
38c
In base 9, what is 10508 - -4?
10513
In base 2, what is 10000 + 1110010011110?
1110010101110
In base 9, what is 1072 - 35?
1036
In base 9, what is 2 - -13642?
13644
In base 13, what is 31 - -1598?
15c9
In base 7, what is -226345 + -4?
-226352
In base 13, what is -2 + ab0?
aab
In base 11, what is 724 + 1133?
1857
In base 6, what is 31 - -53242?
53313
In base 16, what is 9526 + c?
9532
In base 11, what is -1994 + -205?
-2099
In base 2, what is -1 + 111001010111100110?
111001010111100101
In base 12, what is b7a + 5?
b83
In base 14, what is 20b - 25c?
-51
In base 4, what is -13 + -130010121?
-130010200
In base 15, what is 2 - -423c?
423e
In base 3, what is 121 - 2011?
-1120
In base 11, what is 12 + 18906?
18918
In base 10, what is 15 + 16548?
16563
In base 9, what is -464115 + 1?
-464114
In base 3, what is 122222 - 121021?
1201
In base 13, what is -127c - -1b9?
-1093
In base 10, what is -1 + 290880?
290879
In base 4, what is -1 - -1011312033?
1011312032
In base 14, what is -4 + 288c2?
288bc
In base 10, what is -14 - 188472?
-188486
In base 13, what is -14c7 - -6b?
-1459
In base 11, what is -6026 - 2?
-6028
In base 13, what is 2 + -849?
-847
In base 7, what is -540 - -2551?
2011
In base 10, what is 716 - -14?
730
In base 16, what is -1 + -f691?
-f692
In base 2, what is 10111111000111 - -1000010?
11000000001001
In base 4, what is -20 - -10230321?
10230301
In base 8, what is -3611673 - -4?
-3611667
In base 16, what is -7ee8 - 17?
-7eff
In base 13, what is -17c + 7c?
-100
In base 9, what is -4 - 144685?
-144700
In base 4, what is 131202032 - 31?
131202001
In base 5, what is -10 - -24100212?
24100202
In base 13, what is 49aba + 0?
49aba
In base 12, what is 205a0a - 0?
205a0a
In base 9, what is 1 + 147867?
147868
In base 15, what is -7 + -427?
-42e
In base 3, what is -11112100101 + 2?
-11112100022
In base 15, what is -1 - 25624?
-25625
In base 3, what is 1 + -10012102?
-10012101
In base 7, what is 30133 + 4?
30140
In base 4, what is 11 - 112130003?
-112123332
In base 12, what is 39b - -265?
644
In base 16, what is 5 - 564a?
-5645
In base 12, what is 3a + 6209?
6247
In base 7, what is 1 + 334354?
334355
In base 3, what is -11222201110100 - -12?
-11222201110011
In base 8, what is -41532 + 22?
-41510
In base 5, what is -2 + -1133212?
-1133214
In base 11, what is 5 + 229a?
22a4
In base 5, what is 31413 - -331?
32244
In base 8, what is 123013 + 25?
123040
In base 9, what is -4 - 41632?
-41636
In base 5, what is -44 - 22332?
-22431
In base 7, what is 352 - -216?
601
In base 14, what is 6a21 + -6d?
6992
In base 13, what is -465 - 1c2?
-657
In base 10, what is -4 - 70778?
-70782
In base 3, what is 1001102001111 - 1?
1001102001110
In base 11, what is -13 - 3582?
-3595
In base 12, what is -145a - -3?
-1457
In base 5, what is -141010214 + -1?
-141010220
In base 2, what is -10111111111000111000 - 101?
-10111111111000111101
In base 8, what is 2 + -103613?
-103611
In base 16, what is 2 - 5767?
-5765
In base 16, what is 192 + -3a8?
-216
In base 11, what is -5 + 28a2?
2898
In base 2, what is -10 - -100000000110011?
100000000110001
In base 8, what is 477 - -771?
1470
In base 4, what is 32 - -13201022?
13201120
In base 15, what is 5 + -613a?
-6135
In base 4, what is 1301321321 + -2?
1301321313
In base 6, what is -335 - 12134?
-12513
In base 15, what is -81 + -12d5?
-1366
In base 10, what is 338656 - -5?
338661
In base 15, what is 21b - -16b?
387
In base 12, what is -161 + 30a?
169
In base 3, what is -12 + -12011122?
-12011211
In base 4, what is 111003333 + -3?
111003330
In base 2, what is 101100110100101010 - 0?
101100110100101010
In base 16, what is -103 - -c?
-f7
In base 15, what is -283c - -48?
-27e4
In base 6, what is -411111 + 1?
-411110
In base 4, what is 123102033023 + 0?
123102033023
In base 11, what is 8790 + -1?
878a
In base 12, what is -4 - -15540?
15538
In base 15, what is 4 - eac7?
-eac3
In base 16, what is 2357 - -49?
23a0
In base 4, what is 2121 + 20031?
22212
In base 2, what is -1111100 - 1000101001?
-1010100101
In base 11, what is -2 + -74003?
-74005
In base 11, what is -569 + 3a1?
-178
In base 3, what is 102 + 12002012100?
12002012202
In base 16, what is f + -142?
-133
In base 11, what is -6 - -703730?
703725
In base 2, what is -1010100101 - 100011101000?
-101110001101
In base 11, what is -25a8 + 10?
-2598
In base 13, what is 43